ighest common divisor of s and q?
11
Suppose -6*q + 3*q = -183. Let z = -10 + q. Let o be (4/(-34) - 2340/z)/(-1). What is the greatest common divisor of 23 and o?
23
Suppose 58*a - 60 = 3652. Let i = -11 + 19. What is the greatest common divisor of a and i?
8
Let b(k) = 1222*k - 1 - 7*k**2 - 5 - 1192*k. Let q be b(4). What is the greatest common factor of 82 and q?
2
Let p(g) = g**2 + 11*g - 23. Let n be p(-13). Let w be (n - 2) + (-510)/(-1 - 2). Suppose -3*a + 6*a - 57 = 0. Calculate the highest common factor of w and a.
19
Let g = 1762 - 1748. What is the highest common divisor of 442 and g?
2
Suppose -o + 446 = 2*v + v, -v + 144 = -2*o. Let x = -91 + v. Calculate the greatest common factor of x and 19.
19
Let x = -269 + 385. Suppose -4*u - 68 + x = 0. Suppose 5*h + 4*c = u, 0 = h - 2*c - 3*c - 14. What is the greatest common divisor of 20 and h?
4
Let m(n) = 21*n. Let v be m(1). Suppose v + 88 = 4*j + 3*g, 3*g = -3. Suppose 10*f - 79 = -13*f + 82. Calculate the highest common factor of j and f.
7
Suppose -3*k + 650 = 2*k. Let q = k - 126. Suppose -q*s - 4*v + 40 + 244 = 0, 0 = -3*s - v + 221. What is the greatest common factor of 15 and s?
15
Suppose -72 = -5*t - 7*t. Suppose 27 = t*y - 111. What is the highest common factor of y and 138?
23
Let f be (4/(-15))/((-107)/17655). What is the greatest common divisor of 38346 and f?
22
Let c be (1 + -28)*3/((-7 - -2)/520). What is the highest common divisor of c and 162?
162
Suppose -2*k = -2*w - 108 - 840, -3*k - 2*w + 1432 = 0. What is the greatest common divisor of 252 and k?
28
Suppose -3*t + 34 - 31 = 0. Suppose 9*l + 193 + 122 = 0. Let a = 44 + l. Calculate the greatest common divisor of a and t.
1
Suppose 5*d - 3 + 8 = 0, v - 5*d - 7 = 0. Let l be (-3)/v - 95/(-2). Suppose -1242 = -4*y + y. What is the highest common divisor of l and y?
46
Let w(i) = 875*i**2 + 89*i + 264. Let b be w(-3). What is the highest common factor of b and 192?
192
Let f be (-14622)/(-10) + (-596)/(-745). Calculate the highest common divisor of 616 and f.
77
Suppose 126*v - 1589 = 2947. Calculate the greatest common factor of v and 528.
12
Suppose -21*l = -30 - 351 - 1026. Calculate the highest common divisor of 5494 and l.
67
Suppose -4*q = 3*c - 51, -93 = -5*c + 3*q + 21. Let k = 68 - c. Let a = -97 - -238. Calculate the greatest common divisor of k and a.
47
Let g(v) = 2*v + 150. Let b be g(-9). Let j(q) = -q**2 + 7*q + 2. Let w = -9 - -14. Let p be j(w). Calculate the greatest common divisor of p and b.
12
Suppose i + 4*h = -h + 29, -i = -4*h + 16. Suppose 5*c = 4*w - 292, 4*c - 290 + 34 = -i*w. Calculate the greatest common divisor of 8 and w.
4
Let l be 4/(-6) + (-10)/(-6). Suppose l = n - 24. Suppose -21 = -5*c + 4*x + n, -2*x + 2 = 0. Calculate the highest common divisor of c and 10.
10
Let r = -242 + 105. Let o = 181 + r. What is the greatest common factor of o and 99?
11
Let p = -969 + 1073. What is the highest common factor of p and 2119?
13
Let b = -1135 + 1408. What is the highest common factor of b and 126?
21
Let g(t) = 8*t**2 - 4*t + 7. Let d be g(5). Suppose -3*w - 2115 = -8*w. Let h = 440 - w. Calculate the greatest common divisor of d and h.
17
Let i(s) = 760*s - 158. Let g be i(5). Calculate the highest common factor of 12 and g.
6
Let w(b) = -b**3 + 8*b**2 - 7*b - 6. Let u be w(6). Let d = 10407 - 10377. Calculate the highest common factor of d and u.
6
Let s be 15/(-3)*(-3 - -2). Suppose 0 = 2*b - l + s*l - 464, 4*b + 2*l - 922 = 0. Suppose 12 = 4*m - 172. Calculate the greatest common divisor of m and b.
46
Let a = -624 + 884. Suppose -y + a = 4*y. Let j(k) = 2*k**2 + 72*k + 4. Let o be j(-37). What is the greatest common divisor of o and y?
26
Let q = 1742 + -1138. Let g be -3 - (-3)/(6/q). Calculate the highest common divisor of 13 and g.
13
Suppose -3*b + 13 = f - 95, 0 = f. Suppose 0 = g + 2*q - 40, -2*g + 870*q = 866*q - 128. Calculate the greatest common divisor of g and b.
4
Let r = 8010 + -7994. What is the greatest common divisor of 3064 and r?
8
Let t(q) = 2*q**3 + 132*q**2 + 140*q + 658. Let d be t(-65). Calculate the greatest common divisor of 89 and d.
1
Let w be 4/(-10) + 12 + (-645)/75. Let k be 43/w*(-105)/(-7). Calculate the highest common divisor of k and 43.
43
Suppose -q + 257 = -g, 8*q - 12*q - 5*g + 1055 = 0. What is the greatest common divisor of q and 325?
65
Suppose -17*z + 522 = -1314. Suppose -2*p + 116 = z. What is the greatest common factor of p and 12?
4
Let t(b) = 88*b**2 + 1679*b - 29. Let q be t(-24). Calculate the greatest common divisor of 86 and q.
43
Let y be ((-1176)/63 - -26)*66/4. What is the greatest common factor of y and 11?
11
Let l = -71 - -77. Let c be (l/5)/(4/560) - 3. Suppose 2*t = -4*j + 22 - 0, 0 = t - 5*j - 25. What is the highest common factor of c and t?
15
Let s be (-12921)/(-10) + (-407)/4070. What is the highest common divisor of s and 629?
17
Suppose 1038*k - 1034*k - 2*f = 684, f - 508 = -3*k. Calculate the highest common divisor of 2320 and k.
10
Suppose -705*b + 920192 = -481*b. Calculate the greatest common divisor of b and 676.
52
Let i(t) = -12*t - 121. Let m be i(18). Let w = m - -417. Calculate the greatest common divisor of w and 30.
10
Let n be (45 - 36 - -3) + (124 - 0). Calculate the highest common factor of 2125 and n.
17
Let w(i) = -i**2 + 3*i - 2. Let b be w(12). Let f = b - -158. What is the highest common divisor of 3 and f?
3
Let i = 636 + -336. Let z = i + -232. What is the highest common divisor of 119 and z?
17
Suppose -62*s = -3*q - 60*s + 24249, 16182 = 2*q + 4*s. What is the highest common divisor of q and 294?
147
Suppose -27028 = -40*b + 4772. What is the greatest common factor of b and 371?
53
Suppose -32 - 68 = -v. Suppose -105 = -4*j - 5537*s + 5542*s, 15 = -j + 5*s. Calculate the highest common factor of v and j.
20
Let n = -144 - -248. Suppose 0 = 5*v + 2*c - 33, -v = 5*c - 1 - 1. Let t(y) = 2*y**2 - 8*y - 16. Let s be t(v). What is the highest common divisor of s and n?
26
Suppose -198*s = -207*s + 3978. Calculate the greatest common divisor of s and 68.
34
Let j be (54/(-6))/(78/(-286)). Let r(f) = f**3 - 7*f**2 + 3*f - 3. Let p be r(7). Suppose -2*d - p + 84 = 0. Calculate the greatest common factor of j and d.
33
Let c = -1379 - -1389. Calculate the highest common divisor of 24 and c.
2
Let i be 4967/4 - 1/(-4). Let v be 38 + 210/10 + -32. Calculate the highest common divisor of i and v.
27
Let h = -10986 - -11071. What is the greatest common divisor of 1343 and h?
17
Let b(r) = r + 278. Let g be b(-25). Calculate the greatest common factor of 231 and g.
11
Suppose -6*z = 15*z - 1365. Let r be (z/4)/(23/368). What is the greatest common factor of 20 and r?
20
Suppose -71*k + 17*k + 115168 = -22*k. What is the highest common divisor of 854 and k?
61
Let x be ((-33)/(3465/336) - (-1)/5)*-16. Calculate the greatest common factor of 492 and x.
12
Let d(q) = -64*q**3 - 3*q**2. Let g be d(-2). Let c(f) = -f**2 - 323*f - 20930. Let w be c(-233). What is the highest common factor of w and g?
20
Suppose 5*o - 3*i = 539, 3*o = -i + 3*i + 324. Suppose 0 = 4*f + m - 202, -6*f = -0*m - 4*m - 358. What is the highest common divisor of f and o?
53
Let j be 979 + (154/11 - -3). Calculate the highest common divisor of 48 and j.
12
Let y = 5 - 3. Suppose -y*f = -3*u + 13, -3*u - 5 = -2*u + 4*f. Suppose 0 = 30*n - 961 - 29. What is the greatest common divisor of u and n?
3
Let z(n) = -35*n - 97. Let g be z(-7). What is the highest common factor of g and 6364?
148
Let y be (((-2)/(-4))/(-1))/(1083/540 - 2). Suppose -77 + 317 = -3*a. Let n = a - y. What is the highest common divisor of 35 and n?
5
Let c(x) = 7*x - 106. Let n be c(16). Let j be -8 + 6 + n + 10. Calculate the highest common factor of 434 and j.
14
Suppose 260 = -47*v + 60*v. Let u be (-2)/(-1)*1*227. Let f = -234 + u. Calculate the highest common divisor of v and f.
20
Let l be ((0 + -72)/(-6))/2. Let i = l + 54. What is the highest common factor of i and 20?
20
Suppose 3*j = 586*y - 583*y - 1005, -7*j - 993 = -3*y. Calculate the highest common factor of y and 26.
26
Suppose -3*m - 26*d = -22*d - 162, -5*m + d = -270. What is the greatest common divisor of 2286 and m?
18
Let d be -1 - (1*-33 - 4). Let o = d - 29. Let w be 13 - 2 - (6 - o). Calculate 